ose -8*y - 9 + 113 = 0. Suppose 0 = -y*j + 24*j - 19283. What is the thousands digit of j?
1
Let w = -58 - -66. Suppose 2*p = -2 + w. Suppose 3*d - 5*d - p*j + 470 = 0, 0 = 5*j - 10. What is the units digit of d?
2
Let q be (-16)/(-10) + (-6)/10. Let u(d) = -2*d**2 - 30*d - 31. Let k be u(-16). What is the units digit of (-36)/k + ((-4797)/(-21))/q?
9
Let d(f) = 2*f**2 + 14*f + 17. Let u be d(-5). Let n(w) be the first derivative of -3*w**2 - 8*w - 1. What is the tens digit of n(u)?
1
Suppose -11*l + 886 = 10126. Let c = 584 - l. What is the thousands digit of c?
1
Suppose 41*b - 669322 - 5591710 = -35*b. What is the tens digit of b?
8
Let v = -584 + 1655. Suppose 0*u = u - v. What is the tens digit of u?
7
Let g = 7129 + -5026. What is the tens digit of g?
0
Let k(x) = 8*x**2 - 7*x + 59. Let p be k(-7). Suppose 4*l = -2*g + p, -g = 3*l + 16 - 267. What is the units digit of g?
8
Let v = -113 + 117. Suppose -5*g + 43 = -v*m, 0 = m + m - 6. What is the tens digit of g?
1
What is the tens digit of (-4 + 8 + 6 - 11)/((-2)/8182)?
9
Let g(o) be the first derivative of -3*o**2 + 189*o - 77. What is the hundreds digit of g(0)?
1
Suppose 6*h = 4*h + 690. Let t = h - 223. What is the hundreds digit of t?
1
Let d(n) be the second derivative of n**5/4 - n**4/12 - n**3/2 - 7*n**2/2 - 2*n + 1. What is the hundreds digit of d(4)?
2
Suppose -10*i + 35310 - 8820 = 0. Suppose 1011 - i = -13*n. What is the units digit of n?
6
Let d = 185 + -183. Suppose 133 = x - 13*g + 12*g, -d*g - 680 = -5*x. What is the hundreds digit of x?
1
Let w be 3692/(-22) + (-2)/11. Let g be 230/345 + (-1504)/6. Let l = w - g. What is the tens digit of l?
8
Let h be -3*(2 + (-6 - -3)) + -1. Suppose f + 4*d = 287, 1 = h*d + 7. What is the tens digit of f?
9
Let z(f) = f**3 + 8*f**2 - 5*f + 102. Let t be z(-11). Let p = t - -638. What is the units digit of p?
2
Let r(y) = y**2 + 6*y + 217. Let s be r(0). Suppose s*f = 220*f - 39. What is the tens digit of f?
1
Let n(u) = -7*u - 67. Suppose 0 = -4*z - 83 + 19. What is the units digit of n(z)?
5
Suppose 11*q - 10*q - 5*h - 2120 = 0, -q - 4*h = -2111. Suppose -34*t + 36*t + c = q, -c = 3. What is the thousands digit of t?
1
Let m(x) = 2*x**3 + 2*x**2 - 5*x - 8. Let w be m(-2). Let y(p) = -5*p + 117. What is the units digit of y(w)?
7
Let z = -616 + 152. Let w = 289 - z. What is the tens digit of w?
5
Suppose q + 3*u + 2 = 5*u, 4*u = 12. What is the units digit of (666/q)/9*(-84)/(-3)?
8
Suppose 0 = 14237*a - 14291*a + 3080214. What is the ten thousands digit of a?
5
Let n = -228 - -233. Suppose 0 = -4*w - n*c + 976, 2*c = 4*w + c - 1000. What is the hundreds digit of w?
2
What is the units digit of (-84)/756 - (-471460)/36?
6
Suppose -2*l + 2 = 0, 3372 = b + 3*b - 4*l. Suppose -2*i + i = -b. Let c = i - 595. What is the hundreds digit of c?
2
Suppose -137 = -3*s - 4*q, -5*s + 91 + 146 = -2*q. Let n = s + -47. Suppose n = 12*x + x - 962. What is the tens digit of x?
7
Let l = -2206 - -5643. What is the hundreds digit of l?
4
Let y = -21 + 27. What is the units digit of (-2*(-3)/y)/(5/635)?
7
Let x = 498 - -107. Let w = x + -364. What is the units digit of w?
1
Let q be 66/88 - (21/4)/(-1). What is the hundreds digit of -1 + 426*8/q?
5
Let p(d) = d - 21. Let o(b) = -3*b + 42. Let k(j) = -2*o(j) - 5*p(j). Let x be k(-19). What is the units digit of x/(-3 - -1)*1*-85?
5
Let j(z) = -36*z**2 + z - 1. Let b be j(1). Suppose 1843 = -41*q - 1560. Let u = b - q. What is the units digit of u?
7
Let r be 1 + (-124)/(-20) + (-8)/(-10). Suppose 5*n + 2*v = 1047, -2*n + r*v - 7*v = -417. What is the tens digit of n?
0
Suppose -3*v = 17 + 1. What is the tens digit of (-2)/(-5) - v*9737/70?
3
Suppose 3 = 3*r, h - 238*r = -242*r + 10648. What is the units digit of h?
4
Suppose -66*g = -4*c - 68*g + 4202, -2*c - 2*g + 2106 = 0. What is the units digit of c?
8
Let o(h) be the first derivative of 73*h**3 - h**2 + h + 10. Let f be o(2). What is the units digit of (16/12)/(-2)*f/(-6)?
7
Let m(j) = 38*j**2 - 8*j + 81. What is the ten thousands digit of m(17)?
1
Let p(r) = 11869*r**2 - 6*r + 5. Let i be p(1). Suppose 11*j + j = i. What is the units digit of j?
9
Suppose 4*v = -2*k + 88, -4*k + 133 + 58 = 3*v. Suppose k*l = 25*l + 3975. What is the hundreds digit of l?
1
Let k be ((-7)/(49/18))/((-20)/(-140)). What is the tens digit of (-4)/k + (3 - (-48534)/54)?
0
Let m be 21/28 - (-52)/16. Let d(p) = 73*p - 52. What is the tens digit of d(m)?
4
Suppose -4*k - 22*a + 19*a = -68, 2*k = -2*a + 36. Let v = -28 + 20. What is the hundreds digit of (k - 36)/(1/v)?
1
Let d = 42 - 34. Let m(r) = 20*r - 2 + 16*r - d*r. What is the hundreds digit of m(4)?
1
Suppose -23*q + 0 + 46 = 0. Suppose -q*o = -o - 200. What is the units digit of o?
0
Suppose 21*u = 4*u - 102. What is the units digit of u/(-4)*(-674)/(-3) + 2?
9
Suppose 47413 + 111827 = 16*b - 107944. What is the units digit of b?
9
Let d = 0 + 4. Suppose -2*w = -4*z - 4, 4*w - 8 = d*z - 0. What is the tens digit of 44 + -3 + -1 + z?
4
Let a(b) be the second derivative of b**3/2 + 3*b**2 - 8*b. Let f be a(-2). Suppose -5*k + 130 + 160 = f. What is the units digit of k?
8
Suppose 2*y - 7*y = -1565. Suppose -t = -5*t + o - y, 5*o = 5. Let k = t + 140. What is the tens digit of k?
6
Let j(l) = -10*l**3 - 3*l**2 + l + 1. Let i be j(2). Suppose -5*d + 950 = 5*z, 5*z - 4*d - 776 = z. Let n = z + i. What is the tens digit of n?
0
Suppose 0 = 2*o + 3*n - 1026, 4*o - 21*n = -25*n + 2048. What is the units digit of o/68*592/3?
0
Suppose 16*n - 22*n = -168. Suppose 3*t = -2*s + 301, s + 2*t - 120 = n. What is the tens digit of s?
5
Let a be (-2 - 7) + 6 + 3 + -1. What is the tens digit of (-11)/(-9) + a - 84436/(-171)?
9
Let d be 0 + (6*4 - 1). Let q = d - 21. Suppose -q*y = 15 - 55. What is the units digit of y?
0
Suppose -2*k + q = 337, -2*k = 3*k + 3*q + 870. Suppose 16*y = 21*y + 5, 3*v = 4*y + 913. Let t = k + v. What is the units digit of t?
2
Suppose -285*r + 305*r = 165740. What is the tens digit of r?
8
Let m = -610 + 894. Suppose -4*c - m = -3740. What is the units digit of c?
4
Let b(s) = 9*s - 11. Let t be b(4). Suppose -t = 4*d + 3*a, -3*d = -0*d - a + 35. What is the tens digit of (-8)/d*790/4?
5
Let d(w) = -w**3 + w**2 + 91. Suppose 0 = -v + l, 0*v + 2*v - 6 = -l. Suppose 0 = 3*n - 4*n - v*n. What is the tens digit of d(n)?
9
Let u(r) = -2*r**3 + 10*r**2 + 9*r + 19. Let f be u(6). What is the tens digit of f*3 + 5*(-1712)/(-40)?
1
Let v be (-40)/(-32) + (-25)/20. Suppose -4*i - 8*r + 135 = -3*r, -5*i + 2*r + 144 = v. What is the tens digit of i?
3
Let d be 109*(2 + -5 - -2)/1. Let y = 263 + d. What is the tens digit of y?
5
Let n(b) = -b**3 - 13*b**2 + 31*b + 15. Let k be n(-15). Suppose k = 4*s - 190 - 682. What is the tens digit of s?
1
Suppose -7 - 23 = 5*o. Let m be -2*o/24*-626. Let l = -37 - m. What is the hundreds digit of l?
2
Let h be 30/(-7)*(-140 - -14). Suppose h = 8*c - 372. Suppose -5*j = c - 694. What is the units digit of j?
6
Suppose 0 = -p, -2*b - 4*p + 184 = -0*p. Suppose 3*n - b = 28. Suppose -4*i + 416 = n. What is the tens digit of i?
9
Let h(y) = -y**3 - 34*y**2 - 2*y + 29787. What is the units digit of h(0)?
7
Suppose 86*p - 81*p = 6630. Suppose -4*u = 2*u - p. What is the units digit of u?
1
Suppose -3*m - 458 = -m. Let g = m - -397. What is the hundreds digit of g?
1
Let w(g) = -48*g + 230. What is the hundreds digit of w(-43)?
2
Let x = 25397 - -19645. What is the hundreds digit of x?
0
Let w(m) = -279*m + 6787. What is the hundreds digit of w(-81)?
3
Suppose 42*o = -219 - 579. What is the units digit of (149 + o)*26/4?
5
What is the ten thousands digit of (332/(-415))/(9/(-157275))?
1
Let w = 450 - 417. Let d(z) = z**2 + 8*z - 282. What is the tens digit of d(w)?
7
Suppose 5*d - 8*i + 11*i = 1235, 0 = 4*i. Let m = 613 - d. What is the units digit of m?
6
Suppose -5*m + 210 = 50. Suppose 4452 = 44*d - m*d. What is the tens digit of d?
7
Let s = -163 + 336. Let w = s + -143. What is the units digit of w?
0
Let t be (-6 - -48)*2/(-4). Let d = t - -23. What is the tens digit of (-1 - (-48)/(-3))/(d/(-10))?
8
Let h = -470 + 490. Suppose -30*g + 55100 = h*g. What is the units digit of g?
2
Suppose 3*k = -2*k - 20. Let h(r) = 11*r**2 - 5*r. Let c be h(k). Suppose -389 = -5*j + c. What is 